 -15) + -46 - -22).
47
Evaluate (4 - -112) + (-631 - -542).
27
What is the value of 15 + -28 - -56 - (41 + -84)?
86
Evaluate -148 + 56 + 224 + -39.
93
What is 914 + -922 - (3 - (0 + 0))?
-11
What is 7 + -124 + 94 + -6?
-29
Calculate (0 - -64) + -48 + (4 - (61 - 4)).
-37
Calculate (-1 - -2) + 1 + 0 - (-41 - (-7 + -9)).
27
What is the value of (-24 - 49) + (7 - -1 - (7 + (-16 - -19)))?
-75
Calculate -37 - -36 - -21 - 55.
-35
Calculate -23 - -70 - (101 + -114).
60
-4 - (27 - (8 + (24 - 24)))
-23
Evaluate (10 - (14 + -26 + (22 - -2))) + 15.
13
20 - 26 - (24 - 24) - (-2 - (2 - -56))
54
(1221 - 1273) + (13 - -5) + (2 - (3 + 1))
-36
Evaluate 15 + (-21 - 2) - (-15 + 10).
-3
What is the value of 1401 - 1347 - (0 + -4)?
58
Evaluate (21 + 4 - 38 - -69) + -22.
34
37 - 2 - (112 - (33 - -43))
-1
Evaluate -16 + -33 + 74 + 5.
30
Evaluate (-36 - (-32 - -23)) + -1.
-28
Calculate 99 + (-186 - -104) - (-35 - -2 - -1).
49
What is the value of (3 - -27) + 2 - -3 - (-2 - (-13 + 0))?
24
Evaluate 3 + -2 + 1 + -95 + (30 - 24) + -2.
-89
((7 - 3) + -140 - (-2 - 28 - -33)) + 6
-133
What is the value of -16 + (68 - 67) - (-3 + 13 + -3)?
-22
62 - (-54 - -35 - -4)
77
Calculate 227 - (-72 + (128 - -63)).
108
Evaluate -7 + 63 + (-653 - -597).
0
What is (-11 - (-6 - 30) - (62 + -54)) + -2?
15
What is (-52 - -1 - 0) + (-5 + -21 + 12 - -14)?
-51
Evaluate 17 - (5 - -2 - (23 + (36 - 37))).
32
What is 251 + -232 + 4 + -3 - 103?
-83
What is 176 - 45 - 179 - (7 - -1 - 2)?
-54
What is -4 + (-6 - 4) + (19 - 6) + -16 + 114?
97
Calculate (99 - (9 + -4)) + (27 - 13) + -14 - -13.
107
29 + (-5 - (16 + -18 - -12))
14
Evaluate 69 - ((21 - 36 - -32) + (-4 - -1)).
55
Calculate 25 - (-1 + -7 - (64 - 45 - 29)).
23
Evaluate (2 - (-3 + 30)) + (18 - (-32 + 39)).
-14
Calculate 44 - (-36 + 40 - 50 - -177).
-87
-1 + 45 + -3512 + 3468
0
Evaluate -10 + ((-22 - -34) + -14 - -22) + -1 + -143.
-134
Evaluate 33 + (144 + -46 - 79).
52
What is the value of (12 - (-47 + -3 + 31)) + -70?
-39
Calculate -91 + -7 + (42 - -60).
4
What is (-19 - -27 - 31) + 11 + (-3 - -43)?
28
17 + (-28 - (24 - 73))
38
60 + (2 - 22) + (11 - 3)
48
Calculate (-3 + (-11 - (14 - 18)) - -30) + 12.
32
Calculate -5 + 95 + -6 - (474 - 469).
79
What is 3 + -59 - (5 - (12 - 16 - -10 - 11))?
-66
What is -2 + (66 + -121 - 47)?
-104
Calculate (-18 - 4 - -6) + -20 - 21.
-57
What is -1 + (7 - (31 + -21 + -11 - (-13 + 0)))?
-6
What is the value of -29 + 57 + (20 - 44) - (-1 + (1 - -56))?
-52
(69 - 108 - -53) + (1 - -1)
16
44 + -45 + 84 + -41
42
Calculate -18 + ((17 - -2) + -111 - -21) + 3.
-86
Calculate (-18 + -15 - (40 - -58)) + 9.
-122
What is the value of (-3 - (-18 - -6)) + -122 + (12 - (21 - 16))?
-106
What is -35 + (193 + -207 - ((1 - 2) + 0))?
-48
Calculate 11 + (4 - 10 - (-301 - -304)).
2
What is the value of 46 - -66 - (89 + -3)?
26
Evaluate 12 - ((1 - -5) + -55 + 55).
6
Evaluate 1 + (97 + 0 - (56 + -42)) + -12.
72
Calculate -8 + -8 + (90 - (-6 - -25)).
55
What is 11 - (-20 - 6 - -1 - -12)?
24
Calculate (48 - (27 - -7)) + -1 + 31.
44
What is (-3 - (1 - 1) - 64) + (-407 - -392) - -2?
-80
What is the value of 18 + -21 + 3 - (4 + 8 + -3)?
-9
What is (-47 - -33) + 14 + -8?
-8
What is -45 + 3 + 26 + 3 + 0?
-13
Calculate 24 + 6 + 1 + -4 - (-18 + (-1 - -11)).
35
Evaluate 37 - -5 - -9 - (14 - (-18 - -13)).
32
15 - (148 + -112) - 60
-81
What is (-17 - -22 - 15 - 12) + -5 + (2 - -1)?
-24
Calculate (-28 - (-2 + 5 - 6)) + (0 - 10).
-35
Evaluate 8 + 13 - (-22 - 54) - 21.
76
Calculate -3 - -5 - (-90 + (-8 - 1) - -24).
77
What is (2 - (4 + 0)) + 9 + (-7 - -51)?
51
What is the value of 2 + (-25 - -6 - (-141 - (-56 - -5)))?
73
Calculate -13 - (-15 + 33 + -24 + 26).
-33
What is 64 + 60 + -59 + 1 + -22?
44
What is 75 + (-67 + 63 - 20)?
51
What is (-574 - -589) + (-2 + 9 - 2)?
20
What is the value of (12 - (1 + 0) - 0) + 3330 + -3375?
-34
Calculate 9 - -8 - -21 - 16.
22
What is 1 + -95 - (-28 + 51 - (24 - (-4 - 1)))?
-88
Calculate -6 + 7 + -15 - (300 + -207).
-107
(-18 - 66 - -9) + 5 - 10
-80
What is the value of -67 - (3 + 15 - (-1 + 2 + -5))?
-89
What is (-3 - -15) + (-4653 - -4560)?
-81
What is the value of 13 + -4 + (35 - 36 - (0 + -3))?
11
Evaluate -22 - (-34 + -33 - (-18 - 5)).
22
-11 + (20 - 5 - 8) + (8 + -78 - 5)
-79
Calculate -1 + 0 + 68 - (96 + (-141 - -39)).
73
Evaluate 15 + (-11 - (28 + -59)) - 10.
25
Evaluate -215 + 222 - (-1 - 1) - (8 + 2).
-1
38 + (-1 - ((7 - -1) + (-25 - -9)))
45
What is 23 - (-72 - -59 - (3 - 13) - -14)?
12
What is the value of 32 - (-24 + 8 + -20) - -13?
81
What is the value of -40 - (23 + -24 + -6 - -12)?
-45
(-20 - (-109 + 57)) + (7 + -4 - -9)
44
Evaluate 31 + -4 + 1 + 1 + (98 - 22 - 78).
27
Calculate -105 + -10 + 17 + (32 - 0).
-66
Evaluate -23 + (12 + 8 - 61) + 24.
-40
Evaluate 2 + -7 + 23 + -12 + 7 + 26.
39
What is the value of (-54 - 1) + (99 - 77) + 8?
-25
Evaluate -28 + 13 + (-24 + -1 - 6).
-46
Evaluate (65 - (100 + 58 + -98)) + 1 + -97.
-91
-9 + (-356 - -290) + 11 + 2
-62
What is the value of -15 - (-24 - -15 - 9) - -7?
10
What is the value of -34 + (33 - (44 - 17))?
-28
-7 - (60 + -14) - (-46 + 33)
-40
10 - 19 - (5 + 7 + -9 + 2 + 6)
-20
What is the value of -10 + -31 + 77 - (14 - 49)?
71
(72 + -5 - 77) + (-9 - (-1 - -2)) + 0
-20
Evaluate 8 + ((0 - 0) + -4 + -10 - (-8210 + 8223)).
-19
Evaluate 74 - -58 - (255 + -91).
-32
Calculate -161 + (-47 - -62 - 46) + 61.
-131
-37 + 97 + -20 - -42
82
What is the value of (1 + 0 + 2 - 13 - (-153 - -12)) + -8?
123
Calculate 120 + 2 + -2647 + 2592.
67
What is -5 + 57 - ((-2 - -7 - 7) + 1 - -4)?
49
What is the value of 31 + -32 + (-43 - -16) + 31?
3
What is 1 + (14 - (-26 + 52)) + (0 - -6)?
-5
Calculate 212 + -207 + (15 - (-18 + 181)).
-143
What is -34 - ((39 - 47) + -47)?
21
12 + 24 + 6 + -36 - 99
-93
(40 - 1) + (-11 + 45 + -34 - (2 + -1))
38
Evaluate (-5 - 5) + 6 + (7 - 2) - 23.
-22
Evaluate -2 + 1 + (-22 - (-1 - 2) - (-9 + 1)).
-12
Calculate -20 - ((-10 - -37 - 121) + -38).
112
-46 + (5 - -7) - (23 + 8 + -18)
-47
Calculate (44 - (16 - -67)) + 33 - 110.
-116
Evaluate 2 + -1 + -29 + 4 + -179 + 173.
-30
Evaluate -51 - (96 - 12) - (-7 + -18).
-110
Calculate 117 + (-68 - (-19 - 63) - (6 - (-1 - 2))).
122
What is the value of (12 + 0 - 9) + (0 - (-10 + 18))?
-5
((-7 - -3 - 4) + 6 - -68) + (18 - 15)
69
46 + (8 - (-1 + 34 + -1))
22
(-93 - -95 - (1 - 5)) + -66 + (-1 - -4)
-57
Calculate 5 + (13 - 55 - 18) + (7 - -1).
-47
-39 + -138 + -99 + 205
-71
What is -11 + -5 + 6 - -10 - (-6 - 3)?
9
What is 64 - 0 - (-6 + (13 + -32 - -23))?
66
What is -142 + 6 + (58 - -1)?
-77
Calculate (4 - (-1 + -14 + (9 - -8))) + 50.
52
Calculate 10 + -3 - 3 - (-11 - (-6 + -20) - 77).
66
What is 4 - (-35 + (3 - 8) + (-4 - -2))?
46
Calculate (-99 - -71) + 6 + 54.
32
Evaluate 3 + 6 + 42 + -34 + 53.
70
What is the value of 8 + -1 - 55 - ((-28 - 21) + 20 + 19)?
-38
Calculate 5 + (7 - 37) - (7 + -29 + 24).
-27
Calculate (-47 - 29) + 68 + -40.
-48
-69 + 12 - (-17 + -5 + 2)
-37
Calculate -2 + 11 + 9 + -10 - (-13 - -145 - 26).
-98
Evaluate 101 + 8 + -845 + 731.
-5
Calculate (77 - 30 - 33) + (-4 - 4).
6
Evaluate 6 - (5 - (13 + -25)) - (5 + -3 - 105).
92
What is 45 + (6 - (14 - 26) - -11)?
74
(3 - -17 - 9) + -19 - -17
9
What is the value of -16 - (144 + -204 - (2 + 0 + 13))?
59
Calculate (-2 - (19 - (24 - (25 + -6)))) + -19.
-35
Calculate (-19 - -2 - -2) + (-302 - -311).
-6
(53 - 32) + 34 - (8 - -8)
39
What is -15 + (-985 - -997 - (0 + -1 + 54))?
-56
(93 - 98) + -21 + 4 + 3 + -6
-25
What is 44 + -71 + -24 - -72?
21
Evaluate (1882 - 1835) + -1 + 73.
119
What is the value of (-5 - (12 + (21 - 16) + -16)) + -45?
-51
What is the value of -2 + 2 - (2 + 63 + -99)?
34
What is -17 + 28 + 33 - 42?
2
What is the value of -51 + 70 + -1 + (24 - 1)?
41
What is the value of 233 - 181 - (6 - ((6 - 5) + -4))?
43
Evaluate 10 - (18 + 6) - -2 - 53.
-65
-3 + (6 - (0 + -4)) - (60 + -43)
-10
Calculate (-12 - (-19 + -2)) + 46 + -100.
-45
What is the value of 10 - (-18 - (-10 - (-13 - (-18 - -6))))?
19
(8 - 0) + -3 - ((-11 - -34) + 48) - -10
-56
Calculate -33 + -278 + 216 - (-1 + (2 - 13)).
-83
What is the value of (7 - (88 + -1 - (-83 + 77))) + 1 - -12?
-73
Evaluate 6 + -10 + 31 + -115 + 18.
-70
What is (33 - (33 + -11)) + 23?
34
(-9 - -7 - -11) + (2 - (-2 + -63 + -7))
83
What is the value of 11 - 46 - (36 + 20 - 36)?
-55
Calculate (12 - 0) + 